{"id":4485,"date":"2026-02-27T11:02:23","date_gmt":"2026-02-27T11:02:23","guid":{"rendered":"https:\/\/bluziman.com\/?post_type=product&#038;p=4485"},"modified":"2026-02-27T11:02:23","modified_gmt":"2026-02-27T11:02:23","slug":"funda-de-sofa-chaise-longue","status":"publish","type":"product","link":"https:\/\/bluziman.com\/?product=funda-de-sofa-chaise-longue","title":{"rendered":"BLUZIMAN\u00ae Funda Sofa Chaise Long Gruesa Hecho en Espa\u00f1a, Fundas Chaise Longue Universal Super El\u00e1stica Ajustable, Protector Sofa Calidad, Sofa Cover"},"content":{"rendered":"<p>\u25ba FABRICACI\u00d3N ESPA\u00d1OLA CON CALIDAD EUROPEA: Dise\u00f1ada y fabricada \u00edntegramente en Espa\u00f1a, cumpliendo con los m\u00e1s altos est\u00e1ndares europeos de producci\u00f3n. Al elegir BLUZIMAN, apuestas por un producto de proximidad con acabados premium que garantizan una durabilidad superior frente al uso diario.<br \/>\n\u25ba TEJIDO DE ALGOD\u00d3N CON CERTIFICADO OEKO-TEX: Confeccionada con un exclusivo tejido de algod\u00f3n combinado con otras fibras para mejorar su elasticidad. Cuenta con la certificaci\u00f3n internacional OEKO-TEX, que garantiza la ausencia de sustancias nocivas, asegurando un producto seguro para tu piel y el medio ambiente.<br \/>\n\u25ba AJUSTE PERFECTO CON ESPUMAS DE FIJACI\u00d3N: Incluye espumas de sujeci\u00f3n que se insertan en los huecos del sof\u00e1 para bloquear la funda y evitar que se mueva. Junto a su tejido ultra el\u00e1stico, logra un efecto de tapizado profesional, manteni\u00e9ndose impecable incluso despu\u00e9s de sentarse.<br \/>\n\u25ba PROTECCI\u00d3N ROBUSTA Y DISE\u00d1O ELEGANTE: Su tejido de gran gramaje ofrece una protecci\u00f3n total contra manchas, polvo y el roce cotidiano. Aporta una est\u00e9tica renovada y moderna a tu sal\u00f3n, cubriendo completamente el mueble y transformando visualmente tu hogar con un acabado elegante.<br \/>\n\u25ba F\u00c1CIL INSTALACI\u00d3N Y LAVADO: Gracias a su elasticidad y las espumas de fijaci\u00f3n incluidas, se instala en pocos minutos de forma intuitiva. Es totalmente lavable a m\u00e1quina, lo que permite un mantenimiento sencillo y garantiza que tu sof\u00e1 luzca siempre limpio y como nuevo.<\/p>\n","protected":false},"excerpt":{"rendered":"<p>\u25ba FABRICACI\u00d3N ESPA\u00d1OLA CON CALIDAD EUROPEA: Dise\u00f1ada y fabricada \u00edntegramente en Espa\u00f1a, cumpliendo con los m\u00e1s altos est\u00e1ndares europeos de producci\u00f3n. Al elegir BLUZIMAN, apuestas por un producto de proximidad con acabados premium que garantizan una durabilidad superior frente al uso diario. \u25ba TEJIDO DE ALGOD\u00d3N CON CERTIFICADO OEKO-TEX: Confeccionada con un exclusivo tejido de [&hellip;]<\/p>\n","protected":false},"featured_media":4486,"template":"","meta":{"site-sidebar-layout":"default","site-content-layout":"","ast-site-content-layout":"default","site-content-style":"default","site-sidebar-style":"default","ast-global-header-display":"","ast-banner-title-visibility":"","ast-main-header-display":"","ast-hfb-above-header-display":"","ast-hfb-below-header-display":"","ast-hfb-mobile-header-display":"","site-post-title":"","ast-breadcrumbs-content":"","ast-featured-img":"","footer-sml-layout":"","theme-transparent-header-meta":"default","adv-header-id-meta":"","stick-header-meta":"","header-above-stick-meta":"","header-main-stick-meta":"","header-below-stick-meta":"","astra-migrate-meta-layouts":"set","ast-page-background-enabled":"default","ast-page-background-meta":{"desktop":{"background-color":"","background-image":"","background-repeat":"repeat","background-position":"center center","background-size":"auto","background-attachment":"scroll","background-type":"","background-media":"","overlay-type":"","overlay-color":"","overlay-opacity":"","overlay-gradient":""},"tablet":{"background-color":"","background-image":"","background-repeat":"repeat","background-position":"center center","background-size":"auto","background-attachment":"scroll","background-type":"","background-media":"","overlay-type":"","overlay-color":"","overlay-opacity":"","overlay-gradient":""},"mobile":{"background-color":"","background-image":"","background-repeat":"repeat","background-position":"center center","background-size":"auto","background-attachment":"scroll","background-type":"","background-media":"","overlay-type":"","overlay-color":"","overlay-opacity":"","overlay-gradient":""}},"ast-content-background-meta":{"desktop":{"background-color":"var(--ast-global-color-5)","background-image":"","background-repeat":"repeat","background-position":"center center","background-size":"auto","background-attachment":"scroll","background-type":"","background-media":"","overlay-type":"","overlay-color":"","overlay-opacity":"","overlay-gradient":""},"tablet":{"background-color":"var(--ast-global-color-5)","background-image":"","background-repeat":"repeat","background-position":"center center","background-size":"auto","background-attachment":"scroll","background-type":"","background-media":"","overlay-type":"","overlay-color":"","overlay-opacity":"","overlay-gradient":""},"mobile":{"background-color":"var(--ast-global-color-5)","background-image":"","background-repeat":"repeat","background-position":"center center","background-size":"auto","background-attachment":"scroll","background-type":"","background-media":"","overlay-type":"","overlay-color":"","overlay-opacity":"","overlay-gradient":""}}},"product_brand":[138],"product_cat":[39],"product_tag":[156,155,37],"class_list":{"0":"post-4485","1":"product","2":"type-product","3":"status-publish","4":"has-post-thumbnail","6":"product_brand-bluziman","7":"product_cat-fundas-de-sofa","8":"product_tag-bluziman","9":"product_tag-chaise-longue","10":"product_tag-funda-de-sofa","11":"desktop-align-center","12":"tablet-align-left","13":"mobile-align-left","15":"first","16":"instock","17":"shipping-taxable","18":"product-type-external"},"yoast_head":"<!-- This site is optimized with the Yoast SEO plugin v27.6 - https:\/\/yoast.com\/product\/yoast-seo-wordpress\/ -->\n<title>BLUZIMAN\u00ae Funda Sofa Chaise Long Gruesa Hecho en Espa\u00f1a, Fundas Chaise Longue Universal Super El\u00e1stica Ajustable, Protector Sofa Calidad, Sofa Cover - Bluziman<\/title>\n<meta name=\"description\" content=\"Protege tu sof\u00e1 con esta funda super el\u00e1stica y duradera. Fabricada con tela de alta calidad, se adapta como una segunda piel a cualquier forma y es muy f\u00e1cil de limpiar.\" \/>\n<meta name=\"robots\" content=\"index, follow, max-snippet:-1, max-image-preview:large, max-video-preview:-1\" \/>\n<link rel=\"canonical\" href=\"https:\/\/bluziman.com\/?product=funda-de-sofa-chaise-longue\" \/>\n<meta property=\"og:locale\" content=\"es_ES\" \/>\n<meta property=\"og:type\" content=\"article\" \/>\n<meta property=\"og:title\" content=\"BLUZIMAN\u00ae Funda Sofa Chaise Long Gruesa Hecho en Espa\u00f1a, Fundas Chaise Longue Universal Super El\u00e1stica Ajustable, Protector Sofa Calidad, Sofa Cover - Bluziman\" \/>\n<meta property=\"og:description\" content=\"Protege tu sof\u00e1 con esta funda super el\u00e1stica y duradera. Fabricada con tela de alta calidad, se adapta como una segunda piel a cualquier forma y es muy f\u00e1cil de limpiar.\" \/>\n<meta property=\"og:url\" content=\"https:\/\/bluziman.com\/?product=funda-de-sofa-chaise-longue\" \/>\n<meta property=\"og:site_name\" content=\"Bluziman\" \/>\n<meta property=\"og:image\" content=\"https:\/\/bluziman.com\/wp-content\/uploads\/2026\/02\/B0GJ5SJPPJ.MAIN_-scaled.jpg\" \/>\n\t<meta property=\"og:image:width\" content=\"2560\" \/>\n\t<meta property=\"og:image:height\" content=\"2560\" \/>\n\t<meta property=\"og:image:type\" content=\"image\/jpeg\" \/>\n<meta name=\"twitter:card\" content=\"summary_large_image\" \/>\n<meta name=\"twitter:label1\" content=\"Tiempo de lectura\" \/>\n\t<meta name=\"twitter:data1\" content=\"1 minuto\" \/>\n<script type=\"application\/ld+json\" class=\"yoast-schema-graph\">{\"@context\":\"https:\\\/\\\/schema.org\",\"@graph\":[{\"@type\":\"WebPage\",\"@id\":\"https:\\\/\\\/bluziman.com\\\/?product=funda-de-sofa-chaise-longue\",\"url\":\"https:\\\/\\\/bluziman.com\\\/?product=funda-de-sofa-chaise-longue\",\"name\":\"BLUZIMAN\u00ae Funda Sofa Chaise Long Gruesa Hecho en Espa\u00f1a, Fundas Chaise Longue Universal Super El\u00e1stica Ajustable, Protector Sofa Calidad, Sofa Cover - Bluziman\",\"isPartOf\":{\"@id\":\"https:\\\/\\\/bluziman.com\\\/#website\"},\"primaryImageOfPage\":{\"@id\":\"https:\\\/\\\/bluziman.com\\\/?product=funda-de-sofa-chaise-longue#primaryimage\"},\"image\":{\"@id\":\"https:\\\/\\\/bluziman.com\\\/?product=funda-de-sofa-chaise-longue#primaryimage\"},\"thumbnailUrl\":\"https:\\\/\\\/bluziman.com\\\/wp-content\\\/uploads\\\/2026\\\/02\\\/B0GJ5SJPPJ.MAIN_-scaled.jpg\",\"datePublished\":\"2026-02-27T11:02:23+00:00\",\"description\":\"Protege tu sof\u00e1 con esta funda super el\u00e1stica y duradera. Fabricada con tela de alta calidad, se adapta como una segunda piel a cualquier forma y es muy f\u00e1cil de limpiar.\",\"breadcrumb\":{\"@id\":\"https:\\\/\\\/bluziman.com\\\/?product=funda-de-sofa-chaise-longue#breadcrumb\"},\"inLanguage\":\"es\",\"potentialAction\":[{\"@type\":\"ReadAction\",\"target\":[\"https:\\\/\\\/bluziman.com\\\/?product=funda-de-sofa-chaise-longue\"]}]},{\"@type\":\"ImageObject\",\"inLanguage\":\"es\",\"@id\":\"https:\\\/\\\/bluziman.com\\\/?product=funda-de-sofa-chaise-longue#primaryimage\",\"url\":\"https:\\\/\\\/bluziman.com\\\/wp-content\\\/uploads\\\/2026\\\/02\\\/B0GJ5SJPPJ.MAIN_-scaled.jpg\",\"contentUrl\":\"https:\\\/\\\/bluziman.com\\\/wp-content\\\/uploads\\\/2026\\\/02\\\/B0GJ5SJPPJ.MAIN_-scaled.jpg\",\"width\":2560,\"height\":2560},{\"@type\":\"BreadcrumbList\",\"@id\":\"https:\\\/\\\/bluziman.com\\\/?product=funda-de-sofa-chaise-longue#breadcrumb\",\"itemListElement\":[{\"@type\":\"ListItem\",\"position\":1,\"name\":\"Portada\",\"item\":\"https:\\\/\\\/bluziman.com\\\/\"},{\"@type\":\"ListItem\",\"position\":2,\"name\":\"Tienda\",\"item\":\"https:\\\/\\\/bluziman.com\\\/?page_id=38\"},{\"@type\":\"ListItem\",\"position\":3,\"name\":\"BLUZIMAN\u00ae Funda Sofa Chaise Long Gruesa Hecho en Espa\u00f1a, Fundas Chaise Longue Universal Super El\u00e1stica Ajustable, Protector Sofa Calidad, Sofa Cover\"}]},{\"@type\":\"WebSite\",\"@id\":\"https:\\\/\\\/bluziman.com\\\/#website\",\"url\":\"https:\\\/\\\/bluziman.com\\\/\",\"name\":\"Bluziman\",\"description\":\"L\u00edder en mercado\",\"publisher\":{\"@id\":\"https:\\\/\\\/bluziman.com\\\/#organization\"},\"potentialAction\":[{\"@type\":\"SearchAction\",\"target\":{\"@type\":\"EntryPoint\",\"urlTemplate\":\"https:\\\/\\\/bluziman.com\\\/?s={search_term_string}\"},\"query-input\":{\"@type\":\"PropertyValueSpecification\",\"valueRequired\":true,\"valueName\":\"search_term_string\"}}],\"inLanguage\":\"es\"},{\"@type\":\"Organization\",\"@id\":\"https:\\\/\\\/bluziman.com\\\/#organization\",\"name\":\"Bluziman\",\"url\":\"https:\\\/\\\/bluziman.com\\\/\",\"logo\":{\"@type\":\"ImageObject\",\"inLanguage\":\"es\",\"@id\":\"https:\\\/\\\/bluziman.com\\\/#\\\/schema\\\/logo\\\/image\\\/\",\"url\":\"https:\\\/\\\/bluziman.com\\\/wp-content\\\/uploads\\\/2023\\\/12\\\/cropped-Logo-png.png\",\"contentUrl\":\"https:\\\/\\\/bluziman.com\\\/wp-content\\\/uploads\\\/2023\\\/12\\\/cropped-Logo-png.png\",\"width\":677,\"height\":721,\"caption\":\"Bluziman\"},\"image\":{\"@id\":\"https:\\\/\\\/bluziman.com\\\/#\\\/schema\\\/logo\\\/image\\\/\"}}]}<\/script>\n<!-- \/ Yoast SEO plugin. -->","yoast_head_json":{"title":"BLUZIMAN\u00ae Funda Sofa Chaise Long Gruesa Hecho en Espa\u00f1a, Fundas Chaise Longue Universal Super El\u00e1stica Ajustable, Protector Sofa Calidad, Sofa Cover - Bluziman","description":"Protege tu sof\u00e1 con esta funda super el\u00e1stica y duradera. Fabricada con tela de alta calidad, se adapta como una segunda piel a cualquier forma y es muy f\u00e1cil de limpiar.","robots":{"index":"index","follow":"follow","max-snippet":"max-snippet:-1","max-image-preview":"max-image-preview:large","max-video-preview":"max-video-preview:-1"},"canonical":"https:\/\/bluziman.com\/?product=funda-de-sofa-chaise-longue","og_locale":"es_ES","og_type":"article","og_title":"BLUZIMAN\u00ae Funda Sofa Chaise Long Gruesa Hecho en Espa\u00f1a, Fundas Chaise Longue Universal Super El\u00e1stica Ajustable, Protector Sofa Calidad, Sofa Cover - Bluziman","og_description":"Protege tu sof\u00e1 con esta funda super el\u00e1stica y duradera. Fabricada con tela de alta calidad, se adapta como una segunda piel a cualquier forma y es muy f\u00e1cil de limpiar.","og_url":"https:\/\/bluziman.com\/?product=funda-de-sofa-chaise-longue","og_site_name":"Bluziman","og_image":[{"width":2560,"height":2560,"url":"https:\/\/bluziman.com\/wp-content\/uploads\/2026\/02\/B0GJ5SJPPJ.MAIN_-scaled.jpg","type":"image\/jpeg"}],"twitter_card":"summary_large_image","twitter_misc":{"Tiempo de lectura":"1 minuto"},"schema":{"@context":"https:\/\/schema.org","@graph":[{"@type":"WebPage","@id":"https:\/\/bluziman.com\/?product=funda-de-sofa-chaise-longue","url":"https:\/\/bluziman.com\/?product=funda-de-sofa-chaise-longue","name":"BLUZIMAN\u00ae Funda Sofa Chaise Long Gruesa Hecho en Espa\u00f1a, Fundas Chaise Longue Universal Super El\u00e1stica Ajustable, Protector Sofa Calidad, Sofa Cover - Bluziman","isPartOf":{"@id":"https:\/\/bluziman.com\/#website"},"primaryImageOfPage":{"@id":"https:\/\/bluziman.com\/?product=funda-de-sofa-chaise-longue#primaryimage"},"image":{"@id":"https:\/\/bluziman.com\/?product=funda-de-sofa-chaise-longue#primaryimage"},"thumbnailUrl":"https:\/\/bluziman.com\/wp-content\/uploads\/2026\/02\/B0GJ5SJPPJ.MAIN_-scaled.jpg","datePublished":"2026-02-27T11:02:23+00:00","description":"Protege tu sof\u00e1 con esta funda super el\u00e1stica y duradera. Fabricada con tela de alta calidad, se adapta como una segunda piel a cualquier forma y es muy f\u00e1cil de limpiar.","breadcrumb":{"@id":"https:\/\/bluziman.com\/?product=funda-de-sofa-chaise-longue#breadcrumb"},"inLanguage":"es","potentialAction":[{"@type":"ReadAction","target":["https:\/\/bluziman.com\/?product=funda-de-sofa-chaise-longue"]}]},{"@type":"ImageObject","inLanguage":"es","@id":"https:\/\/bluziman.com\/?product=funda-de-sofa-chaise-longue#primaryimage","url":"https:\/\/bluziman.com\/wp-content\/uploads\/2026\/02\/B0GJ5SJPPJ.MAIN_-scaled.jpg","contentUrl":"https:\/\/bluziman.com\/wp-content\/uploads\/2026\/02\/B0GJ5SJPPJ.MAIN_-scaled.jpg","width":2560,"height":2560},{"@type":"BreadcrumbList","@id":"https:\/\/bluziman.com\/?product=funda-de-sofa-chaise-longue#breadcrumb","itemListElement":[{"@type":"ListItem","position":1,"name":"Portada","item":"https:\/\/bluziman.com\/"},{"@type":"ListItem","position":2,"name":"Tienda","item":"https:\/\/bluziman.com\/?page_id=38"},{"@type":"ListItem","position":3,"name":"BLUZIMAN\u00ae Funda Sofa Chaise Long Gruesa Hecho en Espa\u00f1a, Fundas Chaise Longue Universal Super El\u00e1stica Ajustable, Protector Sofa Calidad, Sofa Cover"}]},{"@type":"WebSite","@id":"https:\/\/bluziman.com\/#website","url":"https:\/\/bluziman.com\/","name":"Bluziman","description":"L\u00edder en mercado","publisher":{"@id":"https:\/\/bluziman.com\/#organization"},"potentialAction":[{"@type":"SearchAction","target":{"@type":"EntryPoint","urlTemplate":"https:\/\/bluziman.com\/?s={search_term_string}"},"query-input":{"@type":"PropertyValueSpecification","valueRequired":true,"valueName":"search_term_string"}}],"inLanguage":"es"},{"@type":"Organization","@id":"https:\/\/bluziman.com\/#organization","name":"Bluziman","url":"https:\/\/bluziman.com\/","logo":{"@type":"ImageObject","inLanguage":"es","@id":"https:\/\/bluziman.com\/#\/schema\/logo\/image\/","url":"https:\/\/bluziman.com\/wp-content\/uploads\/2023\/12\/cropped-Logo-png.png","contentUrl":"https:\/\/bluziman.com\/wp-content\/uploads\/2023\/12\/cropped-Logo-png.png","width":677,"height":721,"caption":"Bluziman"},"image":{"@id":"https:\/\/bluziman.com\/#\/schema\/logo\/image\/"}}]}},"_links":{"self":[{"href":"https:\/\/bluziman.com\/index.php?rest_route=\/wp\/v2\/product\/4485","targetHints":{"allow":["GET"]}}],"collection":[{"href":"https:\/\/bluziman.com\/index.php?rest_route=\/wp\/v2\/product"}],"about":[{"href":"https:\/\/bluziman.com\/index.php?rest_route=\/wp\/v2\/types\/product"}],"version-history":[{"count":1,"href":"https:\/\/bluziman.com\/index.php?rest_route=\/wp\/v2\/product\/4485\/revisions"}],"predecessor-version":[{"id":4487,"href":"https:\/\/bluziman.com\/index.php?rest_route=\/wp\/v2\/product\/4485\/revisions\/4487"}],"wp:featuredmedia":[{"embeddable":true,"href":"https:\/\/bluziman.com\/index.php?rest_route=\/wp\/v2\/media\/4486"}],"wp:attachment":[{"href":"https:\/\/bluziman.com\/index.php?rest_route=%2Fwp%2Fv2%2Fmedia&parent=4485"}],"wp:term":[{"taxonomy":"product_brand","embeddable":true,"href":"https:\/\/bluziman.com\/index.php?rest_route=%2Fwp%2Fv2%2Fproduct_brand&post=4485"},{"taxonomy":"product_cat","embeddable":true,"href":"https:\/\/bluziman.com\/index.php?rest_route=%2Fwp%2Fv2%2Fproduct_cat&post=4485"},{"taxonomy":"product_tag","embeddable":true,"href":"https:\/\/bluziman.com\/index.php?rest_route=%2Fwp%2Fv2%2Fproduct_tag&post=4485"}],"curies":[{"name":"wp","href":"https:\/\/api.w.org\/{rel}","templated":true}]}}